{"id":295,"date":"2022-05-19T10:09:48","date_gmt":"2022-05-19T10:09:48","guid":{"rendered":"https:\/\/eprojekt.teamx.cc\/?page_id=295"},"modified":"2022-05-19T10:15:56","modified_gmt":"2022-05-19T10:15:56","slug":"about","status":"publish","type":"page","link":"https:\/\/eprojekt.teamx.cc\/index.php\/about\/","title":{"rendered":"About"},"content":{"rendered":"\n<p>Im Rahmen eines Projektmanagement &#8211; Lehrgangs hat sich eine kleine Personengruppe mit der Thematik erneuerbarer Energien besch\u00e4ftigt. Ziel war es, zum einen Informationen \u00fcber alternative, erneuerbare Energien zu recherchieren, zum anderen, diese Informationen dazu zu nutzen, 2 konkrete Objekte (Einfamilienh\u00e4user) zu analysieren und Vorschl\u00e4ge zu erarbeiten, wie bestehende Heizsysteme sinnvoll erneuert bzw. verbessert werden k\u00f6nnen.<\/p>\n\n\n\n<p>Der Grundgedanke war der direkte Ausstieg aus fossilen Brennstoffen und die vermehrte Nutzung von umweltvertr\u00e4glichen Ressourcen wie z.B. Sonnenergie.<\/p>\n\n\n\n<p>Die beiden Objekte werden in den \u201eCase Studies\u201c vorgestellt. Hier finden Sie die Beschreibung der vorhandenen Heizsysteme und verschiedene Parameter, die notwendig sind, um im Internet verf\u00fcgbare Online-Berechnungstools f\u00fcr erneuerbare Energien zu bedienen. Die Links zu diesen Online-Tools und unsere Interpretationen der erhaltenen Ergebnisse sind angef\u00fchrt.<\/p>\n\n\n\n<p>Diese Webseite soll Ihnen Basisinformationen zu erneuerbaren Energietr\u00e4gern liefern\u00a0sowie n\u00fctzliche Links zu weiterf\u00fchrenden, spezifischen Fachinformationen.<\/p>\n\n\n\n<p>Anhand zweier \u201eCase Studies\u201c geben wir Informationen wie die Umr\u00fcstung bzw. Verbesserung einer bestehenden Heizanlage betrachtet werden kann.\u00a0<\/p>\n","protected":false},"excerpt":{"rendered":"<p>Im Rahmen eines Projektmanagement &#8211; Lehrgangs hat sich eine kleine Personengruppe mit der Thematik erneuerbarer Energien besch\u00e4ftigt. Ziel war es, zum einen Informationen \u00fcber alternative, erneuerbare Energien zu recherchieren, zum anderen, diese Informationen dazu zu nutzen, 2 konkrete Objekte (Einfamilienh\u00e4user) zu analysieren und Vorschl\u00e4ge zu erarbeiten, wie bestehende Heizsysteme sinnvoll erneuert bzw. verbessert werden k\u00f6nnen. Der Grundgedanke war der direkte Ausstieg aus fossilen Brennstoffen und die vermehrte Nutzung von umweltvertr\u00e4glichen Ressourcen wie z.B. Sonnenergie. Die beiden Objekte werden in den \u201eCase Studies\u201c vorgestellt. Hier finden Sie die Beschreibung der vorhandenen Heizsysteme und verschiedene Parameter, die notwendig sind, um im Internet verf\u00fcgbare Online-Berechnungstools f\u00fcr erneuerbare Energien zu bedienen. Die Links zu diesen Online-Tools und unsere Interpretationen der erhaltenen Ergebnisse sind angef\u00fchrt. Diese Webseite soll Ihnen Basisinformationen zu erneuerbaren Energietr\u00e4gern liefern\u00a0sowie n\u00fctzliche Links zu weiterf\u00fchrenden, spezifischen Fachinformationen. Anhand zweier \u201eCase Studies\u201c geben wir Informationen wie die Umr\u00fcstung bzw. Verbesserung einer bestehenden Heizanlage betrachtet werden kann.\u00a0<\/p>\n","protected":false},"author":1,"featured_media":0,"parent":0,"menu_order":0,"comment_status":"closed","ping_status":"closed","template":"","meta":[],"_links":{"self":[{"href":"https:\/\/eprojekt.teamx.cc\/index.php\/wp-json\/wp\/v2\/pages\/295"}],"collection":[{"href":"https:\/\/eprojekt.teamx.cc\/index.php\/wp-json\/wp\/v2\/pages"}],"about":[{"href":"https:\/\/eprojekt.teamx.cc\/index.php\/wp-json\/wp\/v2\/types\/page"}],"author":[{"embeddable":true,"href":"https:\/\/eprojekt.teamx.cc\/index.php\/wp-json\/wp\/v2\/users\/1"}],"replies":[{"embeddable":true,"href":"https:\/\/eprojekt.teamx.cc\/index.php\/wp-json\/wp\/v2\/comments?post=295"}],"version-history":[{"count":6,"href":"https:\/\/eprojekt.teamx.cc\/index.php\/wp-json\/wp\/v2\/pages\/295\/revisions"}],"predecessor-version":[{"id":303,"href":"https:\/\/eprojekt.teamx.cc\/index.php\/wp-json\/wp\/v2\/pages\/295\/revisions\/303"}],"wp:attachment":[{"href":"https:\/\/eprojekt.teamx.cc\/index.php\/wp-json\/wp\/v2\/media?parent=295"}],"curies":[{"name":"wp","href":"https:\/\/api.w.org\/{rel}","templated":true}]}}