{"id":21,"date":"2022-05-09T15:32:06","date_gmt":"2022-05-09T15:32:06","guid":{"rendered":"https:\/\/eprojekt.teamx.cc\/?page_id=21"},"modified":"2022-05-17T12:31:41","modified_gmt":"2022-05-17T12:31:41","slug":"solarenergie","status":"publish","type":"page","link":"https:\/\/eprojekt.teamx.cc\/index.php\/alternative-energie\/solarenergie\/","title":{"rendered":"Solarenergie"},"content":{"rendered":"\n<p>In Wikipedia findet sich eine recht einfache Erkl\u00e4rung: \u201eAls Sonnenenergie oder Solarenergie bezeichnet man die <a href=\"https:\/\/de.wikipedia.org\/wiki\/Energie\" data-type=\"URL\" data-id=\"https:\/\/de.wikipedia.org\/wiki\/Energie\" target=\"_blank\" rel=\"noreferrer noopener\">Energie<\/a> der <a rel=\"noreferrer noopener\" href=\"https:\/\/de.wikipedia.org\/wiki\/Sonnenstrahlung\" data-type=\"URL\" data-id=\"https:\/\/de.wikipedia.org\/wiki\/Sonnenstrahlung\" target=\"_blank\">Sonnenstrahlung<\/a>, die in Form von elektrischem Strom, W\u00e4rme oder chemischer Energie technisch genutzt werden kann.\u201c und \u201eDie Sonnenenergie ist eine nach menschlichen Ma\u00dfst\u00e4ben unersch\u00f6pfliche <a rel=\"noreferrer noopener\" href=\"https:\/\/de.wikipedia.org\/wiki\/Erneuerbare_Energien\" data-type=\"URL\" data-id=\"https:\/\/de.wikipedia.org\/wiki\/Erneuerbare_Energien\" target=\"_blank\">erneuerbare Energiequelle<\/a>.\u201c\u00a0<br>Somit k\u00f6nnen wir vereinfacht sagen \u201eSonnen-Energie\u201c ist dem Begriff \u201eSolar-Energie\u201c gleich zu setzen. Um diese Solarenergie auch n\u00fctzen k\u00f6nnen ben\u00f6tigen wir eine Solaranlage. Die Sonnenenergie kann nun in der Solaranlage mittels <em>Photovoltaik<\/em> in Strom umgewandelt werden oder \u00fcber <em>Solarthermie<\/em> die nutzbare W\u00e4rme \u00fcber Kollektoren warmes (hei\u00dfes) Wasser erzeugen.\u00a0<\/p>\n\n\n\n<ul><li>Solarstrom = Photovoltaik&nbsp;<\/li><li>Solarw\u00e4rme = Solarthermie&nbsp;<\/li><\/ul>\n\n\n\n<p>Dieses Kapitel betrachtet die <strong>Solarthermie<\/strong>.\u00a0<br>\u00a0<br><strong>Solaranlage \u2013 Solarthermie\u00a0<\/strong><br>Die Sonne als Energiequelle wird uns, im Gegensatz zu Fossilen Brennstoffen, noch in Millionen Jahren mit Energie versorgen. Diesen Umstand der umweltfreundlichen (CO2 geringen Belastung) und kosteng\u00fcnstigen (abgesehen von Anlagen Errichtungskosten) Energielieferung n\u00fctzen wir oft noch zu wenig. Um einen realen Nutzen aus der Sonnenenergie ziehen zu k\u00f6nnen, sollten wir als erstes das hierf\u00fcr bestm\u00f6gliche Einsatzgebiet mit jeweiligen Vor- und Nachteilen betrachten.\u00a0\u00a0<br>\u00a0<br><strong>Einsatzbereiche \u2013 Solarthermie<\/strong>\u00a0<br>Um die Solaranlage f\u00fcr die Erfordernisse korrekt dimensionieren zu k\u00f6nnen, muss zuerst der Einsatzbereich festgelegt werden. Die Solarthermie bietet die beste Voraussetzung zur Warmwassererzeugung f\u00fcr Brauch- und Nutzwasser. Wobei die Warmwasseraufbereitung &#8211; Nutzwasser auch gr\u00f6\u00dfere Mengen sein k\u00f6nnen wie z.B. f\u00fcr einen Pool (Schwimmbad) \u00fcber einen W\u00e4rmetauscher. Sollte die M\u00f6glichkeit bestehen Waschmaschine und Geschirrsp\u00fcler an die Warmwasserleitung anzuschlie\u00dfen, entstehen hier zus\u00e4tzliche Einsparungspotentiale. Abgesehen vom Pool ergibt sich im Jahresmittel ein ungef\u00e4hr gleichbleibender Bedarf bei Nutz- und Brauchwasser von warmem Wasser \u00fcber das Jahr verteilt, welcher \u00fcber die nat\u00fcrliche Nutzung der Sonnenenergie mit ca. 65 &#8211; 80% erf\u00fcllt werden kann \u2013 je nach Lage des Hauses, Dachausrichtung und Region.<\/p>\n\n\n\n<p>Eine weitere M\u00f6glichkeit besteht darin die Solarthermie auch zur W\u00e4rmeerzeugung f\u00fcr die Heizung zu nutzen. Durch den \u201epunktuellen\u201c hohen Bedarf an W\u00e4rmeenergie\/Nachfrage &#8211; zu bestimmten Zeiten und den nat\u00fcrlichen Gegebenheiten\/Energieangebot (Sonneneinstrahlung) ist der Wirkungsgrad eher gering ca. 30%.<\/p>\n\n\n\n<p><strong>Funktionsweise \u2013 wie funktioniert Solarthermie?\u00a0<\/strong><br>Die Solarthermie ist im Grunde ein recht einfaches Prinzip, bei der die Sonnenenergie \u00fcber Kollektoren in Form von W\u00e4rme an das Wasser \u00fcbertragen wird. Das Ergebnis ist ein bis zu 95\u00b0 Celsius hei\u00dfes Wasser-Frostschutzgemisch, welches in einem abgeschlossenen Kreislauf zirkuliert und \u00fcber einen W\u00e4rmetauscher diese W\u00e4rme an einen Pufferspeicher (Solarspeicher) \u00fcbertr\u00e4gt. Der Pufferspeicher (z.B. Warmwasserkessel) kann die W\u00e4rmeenergie \u00fcber mehrere Tage zwischenspeichern und versorgt bei Bedarf das Haus mit Warmwasser. Durch eine Umlaufpumpe wird das abgek\u00fchlte Wasser-Frostschutzgemisch wieder zu den Kollektoren bef\u00f6rdert und der Vorgang wiederholt sich.<\/p>\n\n\n\n<p><strong>Vor- und Nachteile<\/strong>\u00a0<br>Um sich einen generellen \u00dcberblick der M\u00f6glichkeiten der Solarthermie zu verschaffen sollen nachfolgende gesammelte Vor- und Nachteile dienen. Diese k\u00f6nnen je nach \u00f6rtlicher Gegebenheit und baulichen Voraussetzung sehr unterschiedlich sein.\u00a0\u00a0<\/p>\n\n\n\n<p><strong>Vorteile<\/strong><\/p>\n\n\n\n<ul><li>ausgereifte, erprobte und technisch einfache Technologie<\/li><li>geringe Errichtungskosten und Betriebskosten<\/li><li>besonders nachhaltige und \u00f6kologische Energiegewinnung (kein CO2 Aussto\u00df, da ausschlie\u00dflich Sonnenenergie genutzt wird \u2013 emissionsfrei)<\/li><li>unbegrenzte, kostenneutrale Energiequelle<\/li><li>auf die individuellen Bed\u00fcrfnisse anpassbar<\/li><li>einfache Brauch\/Nutzwarmwasseraufbereitung<\/li><li>hoher Wirkungsgrad bis 80% in den Sommermonaten<\/li><li>gut mit anderen Systemen (z.B. Photovoltaik) kombinierbar<\/li><li>langlebig und geringe Wartungskosten<\/li><li>im Sommer als ausschlie\u00dfliche Warmwasseraufbereitung einsetzbar<\/li><li>Auf Dach oder Hausw\u00e4nden (Sonnenseite) montierbar<\/li><\/ul>\n\n\n\n<p><strong>Nachteile<\/strong><\/p>\n\n\n\n<ul><li>Abh\u00e4ngig von Sonnenenergie, an tr\u00fcben Tagen wenig bis keine Energiegewinnung<\/li><li>Wirkungsgrad abh\u00e4ngig von Dachausrichtung (Himmelsrichtung), Neigung und Gr\u00f6\u00dfe<\/li><li>wenig Effizient zur Nutzung f\u00fcr Heizung (ca. 30% Wirkungsgrad)<\/li><li>gro\u00dfe Warmwasserspeicher (Kessel) erforderlich \u2013 hoher Platzbedarf<\/li><li>im Winter \u201enur\u201c in Kombination mit anderen Systemen zu verwenden<\/li><li>Bei Dachmontage ist auf die Statik zu achten.<\/li><li>Hauswandmontage beeinflusst das Erscheinungsbild des Hauses \u2013 \u00c4sthetik\u00a0<\/li><\/ul>\n\n\n\n<p><strong>Kosten<\/strong>\u00a0\u00a0<br>Die Kosten k\u00f6nnen immer nur zum jeweiligen Zeitpunkt der Betrachtung korrekten ermittelt werden, da die Preise der Hauptkomponenten wie Solarkollektoren und Warmwasserspeicher in letzter Zeit sehr variieDie Kosten k\u00f6nnen immer nur zum jeweiligen Zeitpunkt der Betrachtung korrekten ermittelt werden, da die Preise der Hauptkomponenten wie Solarkollektoren und Warmwasserspeicher in letzter Zeit sehr variieren. Grunds\u00e4tzlich wird pro Person mit ca. 1,5m\u00b2 Kollektorfl\u00e4che gerechnet \u2013 in Abh\u00e4ngigkeit der Dachneigung und Himmelsrichtung. So w\u00fcrde bei einer drei bis vierk\u00f6pfigen Familie eine Kollektorfl\u00e4che von 6-10m\u00b2 und einem t\u00e4glichen Warmwasserbedarf von ca. 85 Liter pro Person ein Warmwasserspeicher von ca. 500 Litern ausreichen. Die Kosten w\u00fcrden so ca. bei 4.000 &#8211; 5.000 EUR liegen. Bei zus\u00e4tzlicher Nutzung f\u00fcr Heizung entsprechend h\u00f6her. \u00a0\u00a0<\/p>\n\n\n\n<p><strong>Lohnt ein Umstieg\/Nachr\u00fcstung<\/strong>\u00a0<br>Bei Vergleich der Vor- und Nachteile ist entscheidend wof\u00fcr ich die Solarthermie einsetzten m\u00f6chte. Ist geplant dies ausschlie\u00dflich zur Warmwasseraufbereitung (Nutz- und Brauchwasser) bzw. Unterst\u00fctzung der Aufbereitung zu verwenden, dann kann hier eine klare Empfehlung ausgesprochen werden. Hinzu kommt, dass die Solarkollektoren (Thermie) einen geringen Platzbedarf haben und auch an der Hauswand montiert werden k\u00f6nnen. So kann mehr Dachfl\u00e4che f\u00fcr Photovoltaik gen\u00fctzt werden. Auch k\u00f6nnte die Nutzung des Warmwassers z.B. f\u00fcr Geschirrsp\u00fcler und Waschmaschine eine zus\u00e4tzliche Einsparung bringen.<\/p>\n\n\n\n<p>Sollte die Technologie (Solarthermie) in der Kombination Warmwasseraufbereitung und Heizung verwendet werden, ist davon abzuraten, da der Nutzungsgrad gegen\u00fcber anderen alternativen Energieformen recht gering ist. Dies resultierend daraus, dass besonders im Winter ein hoher W\u00e4rmebedarf besteht, jedoch die Sonneneinstrahlung gering ist und so zu wenig W\u00e4rmeenergie gegen\u00fcber dem Bedarf zu Verf\u00fcgung steht. Zus\u00e4tzlich entstehen hohe Anschaffungskosten f\u00fcr noch gr\u00f6\u00dfere Warmwasserspeicher und Hybridmodule (Kombiheizger\u00e4te).<\/p>\n\n\n\n<p><br><\/p>\n","protected":false},"excerpt":{"rendered":"<p>In Wikipedia findet sich eine recht einfache Erkl\u00e4rung: \u201eAls Sonnenenergie oder Solarenergie bezeichnet man die Energie der Sonnenstrahlung, die in Form von elektrischem Strom, W\u00e4rme oder chemischer Energie technisch genutzt werden kann.\u201c und \u201eDie Sonnenenergie ist eine nach menschlichen Ma\u00dfst\u00e4ben unersch\u00f6pfliche erneuerbare Energiequelle.\u201c\u00a0Somit k\u00f6nnen wir vereinfacht sagen \u201eSonnen-Energie\u201c ist dem Begriff \u201eSolar-Energie\u201c gleich zu setzen. Um diese Solarenergie auch n\u00fctzen k\u00f6nnen ben\u00f6tigen wir eine Solaranlage. Die Sonnenenergie kann nun in der Solaranlage mittels Photovoltaik in Strom umgewandelt werden oder \u00fcber Solarthermie die nutzbare W\u00e4rme \u00fcber Kollektoren warmes (hei\u00dfes) Wasser erzeugen.\u00a0 Solarstrom = Photovoltaik&nbsp; Solarw\u00e4rme = Solarthermie&nbsp; Dieses Kapitel betrachtet die Solarthermie.\u00a0\u00a0Solaranlage \u2013 Solarthermie\u00a0Die Sonne als Energiequelle wird uns, im Gegensatz zu Fossilen Brennstoffen, noch in Millionen Jahren mit Energie versorgen. Diesen Umstand der umweltfreundlichen (CO2 geringen Belastung) und kosteng\u00fcnstigen (abgesehen von Anlagen Errichtungskosten) Energielieferung n\u00fctzen wir oft noch zu wenig. Um einen realen Nutzen aus der Sonnenenergie ziehen zu k\u00f6nnen, sollten wir als erstes das hierf\u00fcr bestm\u00f6gliche Einsatzgebiet mit jeweiligen Vor- und Nachteilen betrachten.\u00a0\u00a0\u00a0Einsatzbereiche \u2013 Solarthermie\u00a0Um die Solaranlage f\u00fcr die Erfordernisse korrekt dimensionieren zu k\u00f6nnen, muss zuerst der Einsatzbereich festgelegt werden. Die Solarthermie bietet die beste Voraussetzung zur Warmwassererzeugung f\u00fcr Brauch- und Nutzwasser. Wobei die Warmwasseraufbereitung &#8211; Nutzwasser auch gr\u00f6\u00dfere Mengen sein k\u00f6nnen wie z.B. f\u00fcr einen Pool (Schwimmbad) \u00fcber einen W\u00e4rmetauscher. Sollte die M\u00f6glichkeit bestehen Waschmaschine und Geschirrsp\u00fcler an die Warmwasserleitung anzuschlie\u00dfen, entstehen hier zus\u00e4tzliche Einsparungspotentiale. Abgesehen vom Pool ergibt sich im Jahresmittel ein ungef\u00e4hr gleichbleibender Bedarf bei Nutz- und Brauchwasser von warmem Wasser \u00fcber das Jahr verteilt, welcher \u00fcber die nat\u00fcrliche Nutzung der Sonnenenergie mit ca. 65 &#8211; 80% erf\u00fcllt werden kann \u2013 je nach Lage des Hauses, Dachausrichtung und Region. Eine weitere M\u00f6glichkeit besteht darin die Solarthermie auch zur W\u00e4rmeerzeugung f\u00fcr die Heizung zu nutzen. Durch den \u201epunktuellen\u201c hohen Bedarf an W\u00e4rmeenergie\/Nachfrage &#8211; zu bestimmten Zeiten und den nat\u00fcrlichen Gegebenheiten\/Energieangebot (Sonneneinstrahlung) ist der Wirkungsgrad eher gering ca. 30%. Funktionsweise \u2013 wie funktioniert Solarthermie?\u00a0Die Solarthermie ist im Grunde ein recht einfaches Prinzip, bei der die Sonnenenergie \u00fcber Kollektoren in Form von W\u00e4rme an das Wasser \u00fcbertragen wird. Das Ergebnis ist ein bis zu 95\u00b0 Celsius hei\u00dfes Wasser-Frostschutzgemisch, welches in einem abgeschlossenen Kreislauf zirkuliert und \u00fcber einen W\u00e4rmetauscher diese W\u00e4rme an einen Pufferspeicher (Solarspeicher) \u00fcbertr\u00e4gt. Der Pufferspeicher (z.B. Warmwasserkessel) kann die W\u00e4rmeenergie \u00fcber mehrere Tage zwischenspeichern und versorgt bei Bedarf das Haus mit Warmwasser. Durch eine Umlaufpumpe wird das abgek\u00fchlte Wasser-Frostschutzgemisch wieder zu den Kollektoren bef\u00f6rdert und der Vorgang wiederholt sich. Vor- und Nachteile\u00a0Um sich einen generellen \u00dcberblick der M\u00f6glichkeiten der Solarthermie zu verschaffen sollen nachfolgende gesammelte Vor- und Nachteile dienen. Diese k\u00f6nnen je nach \u00f6rtlicher Gegebenheit und baulichen Voraussetzung sehr unterschiedlich sein.\u00a0\u00a0 Vorteile ausgereifte, erprobte und technisch einfache Technologie geringe Errichtungskosten und Betriebskosten besonders nachhaltige und \u00f6kologische Energiegewinnung (kein CO2 Aussto\u00df, da ausschlie\u00dflich Sonnenenergie genutzt wird \u2013 emissionsfrei) unbegrenzte, kostenneutrale Energiequelle auf die individuellen Bed\u00fcrfnisse anpassbar einfache Brauch\/Nutzwarmwasseraufbereitung hoher Wirkungsgrad bis 80% in den Sommermonaten gut mit anderen Systemen (z.B. Photovoltaik) kombinierbar langlebig und geringe Wartungskosten im Sommer als ausschlie\u00dfliche Warmwasseraufbereitung einsetzbar Auf Dach oder Hausw\u00e4nden (Sonnenseite) montierbar Nachteile Abh\u00e4ngig von Sonnenenergie, an tr\u00fcben Tagen wenig bis keine Energiegewinnung Wirkungsgrad abh\u00e4ngig von Dachausrichtung (Himmelsrichtung), Neigung und Gr\u00f6\u00dfe wenig Effizient zur Nutzung f\u00fcr Heizung (ca. 30% Wirkungsgrad) gro\u00dfe Warmwasserspeicher (Kessel) erforderlich \u2013 hoher Platzbedarf im Winter \u201enur\u201c in Kombination mit anderen Systemen zu verwenden Bei Dachmontage ist auf die Statik zu achten. Hauswandmontage beeinflusst das Erscheinungsbild des Hauses \u2013 \u00c4sthetik\u00a0 Kosten\u00a0\u00a0Die Kosten k\u00f6nnen immer nur zum jeweiligen Zeitpunkt der Betrachtung korrekten ermittelt werden, da die Preise der Hauptkomponenten wie Solarkollektoren und Warmwasserspeicher in letzter Zeit sehr variieDie Kosten k\u00f6nnen immer nur zum jeweiligen Zeitpunkt der Betrachtung korrekten ermittelt werden, da die Preise der Hauptkomponenten wie Solarkollektoren und Warmwasserspeicher in letzter Zeit sehr variieren. Grunds\u00e4tzlich wird pro Person mit ca. 1,5m\u00b2 Kollektorfl\u00e4che gerechnet \u2013 in Abh\u00e4ngigkeit der Dachneigung und Himmelsrichtung. So w\u00fcrde bei einer drei bis vierk\u00f6pfigen Familie eine Kollektorfl\u00e4che von 6-10m\u00b2 und einem t\u00e4glichen Warmwasserbedarf von ca. 85 Liter pro Person ein Warmwasserspeicher von ca. 500 Litern ausreichen. Die Kosten w\u00fcrden so ca. bei 4.000 &#8211; 5.000 EUR liegen. Bei zus\u00e4tzlicher Nutzung f\u00fcr Heizung entsprechend h\u00f6her. \u00a0\u00a0 Lohnt ein Umstieg\/Nachr\u00fcstung\u00a0Bei Vergleich der Vor- und Nachteile ist entscheidend wof\u00fcr ich die Solarthermie einsetzten m\u00f6chte. Ist geplant dies ausschlie\u00dflich zur Warmwasseraufbereitung (Nutz- und Brauchwasser) bzw. Unterst\u00fctzung der Aufbereitung zu verwenden, dann kann hier eine klare Empfehlung ausgesprochen werden. Hinzu kommt, dass die Solarkollektoren (Thermie) einen geringen Platzbedarf haben und auch an der Hauswand montiert werden k\u00f6nnen. So kann mehr Dachfl\u00e4che f\u00fcr Photovoltaik gen\u00fctzt werden. Auch k\u00f6nnte die Nutzung des Warmwassers z.B. f\u00fcr Geschirrsp\u00fcler und Waschmaschine eine zus\u00e4tzliche Einsparung bringen. Sollte die Technologie (Solarthermie) in der Kombination Warmwasseraufbereitung und Heizung verwendet werden, ist davon abzuraten, da der Nutzungsgrad gegen\u00fcber anderen alternativen Energieformen recht gering ist. Dies resultierend daraus, dass besonders im Winter ein hoher W\u00e4rmebedarf besteht, jedoch die Sonneneinstrahlung gering ist und so zu wenig W\u00e4rmeenergie gegen\u00fcber dem Bedarf zu Verf\u00fcgung steht. Zus\u00e4tzlich entstehen hohe Anschaffungskosten f\u00fcr noch gr\u00f6\u00dfere Warmwasserspeicher und Hybridmodule (Kombiheizger\u00e4te).<\/p>\n","protected":false},"author":1,"featured_media":0,"parent":63,"menu_order":0,"comment_status":"closed","ping_status":"closed","template":"","meta":[],"_links":{"self":[{"href":"https:\/\/eprojekt.teamx.cc\/index.php\/wp-json\/wp\/v2\/pages\/21"}],"collection":[{"href":"https:\/\/eprojekt.teamx.cc\/index.php\/wp-json\/wp\/v2\/pages"}],"about":[{"href":"https:\/\/eprojekt.teamx.cc\/index.php\/wp-json\/wp\/v2\/types\/page"}],"author":[{"embeddable":true,"href":"https:\/\/eprojekt.teamx.cc\/index.php\/wp-json\/wp\/v2\/users\/1"}],"replies":[{"embeddable":true,"href":"https:\/\/eprojekt.teamx.cc\/index.php\/wp-json\/wp\/v2\/comments?post=21"}],"version-history":[{"count":7,"href":"https:\/\/eprojekt.teamx.cc\/index.php\/wp-json\/wp\/v2\/pages\/21\/revisions"}],"predecessor-version":[{"id":110,"href":"https:\/\/eprojekt.teamx.cc\/index.php\/wp-json\/wp\/v2\/pages\/21\/revisions\/110"}],"up":[{"embeddable":true,"href":"https:\/\/eprojekt.teamx.cc\/index.php\/wp-json\/wp\/v2\/pages\/63"}],"wp:attachment":[{"href":"https:\/\/eprojekt.teamx.cc\/index.php\/wp-json\/wp\/v2\/media?parent=21"}],"curies":[{"name":"wp","href":"https:\/\/api.w.org\/{rel}","templated":true}]}}